
{"id":14842,"date":"2022-11-19T12:29:19","date_gmt":"2022-11-19T12:29:19","guid":{"rendered":"https:\/\/lossaw.com\/store\/?post_type=product&#038;p=14842"},"modified":"2024-10-31T22:29:29","modified_gmt":"2024-10-31T22:29:29","slug":"ensemble-kit-de-deplacement-des-objets-lourd","status":"publish","type":"product","link":"https:\/\/lossaw.com\/store\/produit\/ensemble-kit-de-deplacement-des-objets-lourd\/?lang=fr","title":{"rendered":"Kit d\u00e9place meubles lourds et gros objets"},"content":{"rendered":"\t\t<div data-elementor-type=\"product-post\" data-elementor-id=\"14842\" class=\"elementor elementor-14842\">\n\t\t\t\t\t\t<section class=\"elementor-section elementor-top-section elementor-element elementor-element-3062777 elementor-section-stretched elementor-section-boxed elementor-section-height-default elementor-section-height-default\" data-id=\"3062777\" data-element_type=\"section\" data-settings=\"{&quot;stretch_section&quot;:&quot;section-stretched&quot;}\">\n\t\t\t\t\t\t<div class=\"elementor-container elementor-column-gap-default\">\n\t\t\t\t\t<div class=\"elementor-column elementor-col-50 elementor-top-column elementor-element elementor-element-19aa053\" data-id=\"19aa053\" data-element_type=\"column\">\n\t\t\t<div class=\"elementor-widget-wrap elementor-element-populated\">\n\t\t\t\t\t\t<div class=\"elementor-element elementor-element-a598554 elementor-widget elementor-widget-heading\" data-id=\"a598554\" data-element_type=\"widget\" data-widget_type=\"heading.default\">\n\t\t\t\t<div class=\"elementor-widget-container\">\n\t\t\t<h2 class=\"elementor-heading-title elementor-size-default\">Outil efficace et adapt\u00e9 pour d\u00e9placer tous les meubles de la maison de toutes tailles et de tous poids, un outil de petite taille et de grandes performances.<\/h2>\t\t<\/div>\n\t\t\t\t<\/div>\n\t\t\t\t<div class=\"elementor-element elementor-element-753af69 elementor-widget elementor-widget-text-editor\" data-id=\"753af69\" data-element_type=\"widget\" data-widget_type=\"text-editor.default\">\n\t\t\t\t<div class=\"elementor-widget-container\">\n\t\t\t\t\t\t\t<p><img decoding=\"async\" class=\"emoji\" role=\"img\" draggable=\"false\" src=\"https:\/\/s.w.org\/images\/core\/emoji\/14.0.0\/svg\/2705.svg\" alt=\"\u2705\">&nbsp;La possibilit\u00e9 de soulever et de d\u00e9placer facilement des meubles et appareils lourds sans effort ni probl\u00e8me<br><img decoding=\"async\" class=\"emoji\" role=\"img\" draggable=\"false\" src=\"https:\/\/s.w.org\/images\/core\/emoji\/14.0.0\/svg\/2705.svg\" alt=\"\u2705\">&nbsp;&nbsp;Facile \u00e0 d\u00e9monter et \u00e0 assembler, vous n&#8217;avez pas besoin d&#8217;autres outils pour r\u00e9gler et positionner<br><img decoding=\"async\" class=\"emoji\" role=\"img\" draggable=\"false\" src=\"https:\/\/s.w.org\/images\/core\/emoji\/14.0.0\/svg\/2705.svg\" alt=\"\u2705\">&nbsp;&nbsp;Ce outil magique pendant le fonctionnement lui permet de rouler doucement et silencieusement sans aucun bruit g\u00eanant<br><img decoding=\"async\" class=\"emoji\" role=\"img\" draggable=\"false\" src=\"https:\/\/s.w.org\/images\/core\/emoji\/14.0.0\/svg\/2705.svg\" alt=\"\u2705\">&nbsp;Entretenir le sol et ne pas laisser de rayures ou de taches dessus<\/p>\t\t\t\t\t\t<\/div>\n\t\t\t\t<\/div>\n\t\t\t\t\t<\/div>\n\t\t<\/div>\n\t\t\t\t<div class=\"elementor-column elementor-col-50 elementor-top-column elementor-element elementor-element-b4d53eb\" data-id=\"b4d53eb\" data-element_type=\"column\">\n\t\t\t<div class=\"elementor-widget-wrap elementor-element-populated\">\n\t\t\t\t\t\t<div class=\"elementor-element elementor-element-a67619b elementor-widget elementor-widget-image\" data-id=\"a67619b\" data-element_type=\"widget\" data-widget_type=\"image.default\">\n\t\t\t\t<div class=\"elementor-widget-container\">\n\t\t\t\t\t\t\t\t\t\t\t\t\t<img fetchpriority=\"high\" decoding=\"async\" width=\"426\" height=\"426\" src=\"https:\/\/lossaw.com\/store\/wp-content\/uploads\/2022\/11\/RokDpvCINmfythKbbWO2WTzU7vVfEJxHoT1FqxO0.gif\" class=\"attachment-full size-full wp-image-14874 wvs-archive-product-image\" alt=\"\" sizes=\"(max-width: 360px) 147px, \" \/>\t\t\t\t\t\t\t\t\t\t\t\t\t<\/div>\n\t\t\t\t<\/div>\n\t\t\t\t\t<\/div>\n\t\t<\/div>\n\t\t\t\t\t<\/div>\n\t\t<\/section>\n\t\t\t\t<section class=\"elementor-section elementor-top-section elementor-element elementor-element-fadbb7c elementor-section-stretched elementor-section-boxed elementor-section-height-default elementor-section-height-default\" data-id=\"fadbb7c\" data-element_type=\"section\" data-settings=\"{&quot;stretch_section&quot;:&quot;section-stretched&quot;}\">\n\t\t\t\t\t\t<div class=\"elementor-container elementor-column-gap-default\">\n\t\t\t\t\t<div class=\"elementor-column elementor-col-50 elementor-top-column elementor-element elementor-element-688bdd9\" data-id=\"688bdd9\" data-element_type=\"column\">\n\t\t\t<div class=\"elementor-widget-wrap elementor-element-populated\">\n\t\t\t\t\t\t<div class=\"elementor-element elementor-element-6ed7a83 elementor-widget elementor-widget-image\" data-id=\"6ed7a83\" data-element_type=\"widget\" data-widget_type=\"image.default\">\n\t\t\t\t<div class=\"elementor-widget-container\">\n\t\t\t\t\t\t\t\t\t\t\t\t\t<img decoding=\"async\" width=\"300\" height=\"300\" src=\"https:\/\/lossaw.com\/store\/wp-content\/uploads\/2022\/11\/vQT2kpFkGBVqqh5wXAgHFQy6h84IgH3ZC71dfpuN_lg-300x300-1.jpeg\" class=\"attachment-commercegurus-plp-mobile size-commercegurus-plp-mobile wp-image-15115 wvs-archive-product-image\" alt=\"\" srcset=\"https:\/\/lossaw.com\/store\/wp-content\/uploads\/2022\/11\/vQT2kpFkGBVqqh5wXAgHFQy6h84IgH3ZC71dfpuN_lg-300x300-1.jpeg 300w, https:\/\/lossaw.com\/store\/wp-content\/uploads\/2022\/11\/vQT2kpFkGBVqqh5wXAgHFQy6h84IgH3ZC71dfpuN_lg-300x300-1-150x150.jpeg 150w, https:\/\/lossaw.com\/store\/wp-content\/uploads\/2022\/11\/vQT2kpFkGBVqqh5wXAgHFQy6h84IgH3ZC71dfpuN_lg-300x300-1-50x50.jpeg 50w, https:\/\/lossaw.com\/store\/wp-content\/uploads\/2022\/11\/vQT2kpFkGBVqqh5wXAgHFQy6h84IgH3ZC71dfpuN_lg-300x300-1-100x100.jpeg 100w\" sizes=\"(max-width: 360px) 147px, (max-width: 300px) 100vw, 300px\" \/>\t\t\t\t\t\t\t\t\t\t\t\t\t<\/div>\n\t\t\t\t<\/div>\n\t\t\t\t\t<\/div>\n\t\t<\/div>\n\t\t\t\t<div class=\"elementor-column elementor-col-50 elementor-top-column elementor-element elementor-element-08d4481\" data-id=\"08d4481\" data-element_type=\"column\">\n\t\t\t<div class=\"elementor-widget-wrap elementor-element-populated\">\n\t\t\t\t\t\t<div class=\"elementor-element elementor-element-f2cb815 elementor-widget elementor-widget-text-editor\" data-id=\"f2cb815\" data-element_type=\"widget\" data-widget_type=\"text-editor.default\">\n\t\t\t\t<div class=\"elementor-widget-container\">\n\t\t\t\t\t\t\t<p><\/p><h2>Nous vous proposons un kit de 5 elements qui convient parfaitement aux meubles de maison ou de bureau et constitue un excellent kit pour d\u00e9placer des objets lourds,<\/h2>\n<p>&#8211; Contenu: 1 x \u00e9l\u00e9vateur de meubles, 4 x patins \u00e0 roulettes.<br> &#8211; Facile \u00e0 utiliser, placez la barre de d\u00e9placement sous le meuble et soulevez-la (peut soulever votre meuble \u00e0 2 &#8220;de haut), puis laissez 4 rouleaux de rouleaux dans les 4 pi\u00e8ces<br>&#8211; Elle peut supporter 150 kg \/ 330 lb, vous permettant ainsi de d\u00e9placer facilement des meubles ou des objets lourds.<\/p>\t\t\t\t\t\t<\/div>\n\t\t\t\t<\/div>\n\t\t\t\t\t<\/div>\n\t\t<\/div>\n\t\t\t\t\t<\/div>\n\t\t<\/section>\n\t\t\t\t<section class=\"elementor-section elementor-top-section elementor-element elementor-element-1ab6432 elementor-section-stretched elementor-section-boxed elementor-section-height-default elementor-section-height-default\" data-id=\"1ab6432\" data-element_type=\"section\" data-settings=\"{&quot;stretch_section&quot;:&quot;section-stretched&quot;}\">\n\t\t\t\t\t\t<div class=\"elementor-container elementor-column-gap-default\">\n\t\t\t\t\t<div class=\"elementor-column elementor-col-50 elementor-top-column elementor-element elementor-element-74d1d89\" data-id=\"74d1d89\" data-element_type=\"column\">\n\t\t\t<div class=\"elementor-widget-wrap elementor-element-populated\">\n\t\t\t\t\t\t<div class=\"elementor-element elementor-element-a2d599a elementor-widget elementor-widget-text-editor\" data-id=\"a2d599a\" data-element_type=\"widget\" data-widget_type=\"text-editor.default\">\n\t\t\t\t<div class=\"elementor-widget-container\">\n\t\t\t\t\t\t\t<p>APPLICABLE \u00c0 TOUS LES MEUBLES ET \u00c9QUIPEMENTS: le Kit de d\u00e9placement les meuble convient \u00e0 tous les types de meubles lourds et d&#8217;appareils \u00e9lectrom\u00e9nagers de la maison.<\/p><p><span style=\"letter-spacing: -0.1px;\">Utilisez-les pour les canap\u00e9s, les armoires, les r\u00e9frig\u00e9rateurs, les machines \u00e0 laver, les biblioth\u00e8ques, les tables, etc.\u00a0!<\/span><\/p><p><span style=\"letter-spacing: -0.1px;\">les patins \u00e0 roulettes permettent de glisser facilement sur tous types de sols et peuvent pivoter \u00e0 360\u00b0 pour plus de souplesse dans les mouvements.<\/span><\/p>\t\t\t\t\t\t<\/div>\n\t\t\t\t<\/div>\n\t\t\t\t\t<\/div>\n\t\t<\/div>\n\t\t\t\t<div class=\"elementor-column elementor-col-50 elementor-top-column elementor-element elementor-element-3d79814\" data-id=\"3d79814\" data-element_type=\"column\">\n\t\t\t<div class=\"elementor-widget-wrap elementor-element-populated\">\n\t\t\t\t\t\t<div class=\"elementor-element elementor-element-fc450a5 elementor-widget elementor-widget-image\" data-id=\"fc450a5\" data-element_type=\"widget\" data-widget_type=\"image.default\">\n\t\t\t\t<div class=\"elementor-widget-container\">\n\t\t\t\t\t\t\t\t\t\t\t\t\t<img decoding=\"async\" width=\"441\" height=\"441\" src=\"https:\/\/lossaw.com\/store\/wp-content\/uploads\/2022\/11\/e4p7xX1lmdYjXJnvgXByBumJ7xrNXtNUd0MUIB5T_lg-441x441-1.jpeg\" class=\"attachment-large size-large wp-image-15117 wvs-archive-product-image\" alt=\"\" srcset=\"https:\/\/lossaw.com\/store\/wp-content\/uploads\/2022\/11\/e4p7xX1lmdYjXJnvgXByBumJ7xrNXtNUd0MUIB5T_lg-441x441-1.jpeg 441w, https:\/\/lossaw.com\/store\/wp-content\/uploads\/2022\/11\/e4p7xX1lmdYjXJnvgXByBumJ7xrNXtNUd0MUIB5T_lg-441x441-1-300x300.jpeg 300w, https:\/\/lossaw.com\/store\/wp-content\/uploads\/2022\/11\/e4p7xX1lmdYjXJnvgXByBumJ7xrNXtNUd0MUIB5T_lg-441x441-1-150x150.jpeg 150w, https:\/\/lossaw.com\/store\/wp-content\/uploads\/2022\/11\/e4p7xX1lmdYjXJnvgXByBumJ7xrNXtNUd0MUIB5T_lg-441x441-1-50x50.jpeg 50w, https:\/\/lossaw.com\/store\/wp-content\/uploads\/2022\/11\/e4p7xX1lmdYjXJnvgXByBumJ7xrNXtNUd0MUIB5T_lg-441x441-1-100x100.jpeg 100w\" sizes=\"(max-width: 360px) 147px, (max-width: 441px) 100vw, 441px\" \/>\t\t\t\t\t\t\t\t\t\t\t\t\t<\/div>\n\t\t\t\t<\/div>\n\t\t\t\t\t<\/div>\n\t\t<\/div>\n\t\t\t\t\t<\/div>\n\t\t<\/section>\n\t\t\t\t<section class=\"elementor-section elementor-top-section elementor-element elementor-element-f073cda elementor-section-stretched elementor-section-boxed elementor-section-height-default elementor-section-height-default\" data-id=\"f073cda\" data-element_type=\"section\" data-settings=\"{&quot;stretch_section&quot;:&quot;section-stretched&quot;}\">\n\t\t\t\t\t\t<div class=\"elementor-container elementor-column-gap-default\">\n\t\t\t\t\t<div class=\"elementor-column elementor-col-33 elementor-top-column elementor-element elementor-element-67e9e8a\" data-id=\"67e9e8a\" data-element_type=\"column\">\n\t\t\t<div class=\"elementor-widget-wrap elementor-element-populated\">\n\t\t\t\t\t\t<div class=\"elementor-element elementor-element-348edd0 elementor-widget elementor-widget-image\" data-id=\"348edd0\" data-element_type=\"widget\" data-widget_type=\"image.default\">\n\t\t\t\t<div class=\"elementor-widget-container\">\n\t\t\t\t\t\t\t\t\t\t\t\t\t<img loading=\"lazy\" decoding=\"async\" width=\"284\" height=\"381\" src=\"https:\/\/lossaw.com\/store\/wp-content\/uploads\/2022\/11\/t0noRnPseTkHqkLwZiSIK0nGCdoDauhE6JWnsYmY.gif\" class=\"attachment-large size-large wp-image-14876 wvs-archive-product-image\" alt=\"\" sizes=\"(max-width: 360px) 147px, \" \/>\t\t\t\t\t\t\t\t\t\t\t\t\t<\/div>\n\t\t\t\t<\/div>\n\t\t\t\t\t<\/div>\n\t\t<\/div>\n\t\t\t\t<div class=\"elementor-column elementor-col-33 elementor-top-column elementor-element elementor-element-124466a\" data-id=\"124466a\" data-element_type=\"column\">\n\t\t\t<div class=\"elementor-widget-wrap elementor-element-populated\">\n\t\t\t\t\t\t<div class=\"elementor-element elementor-element-2274e29 elementor-widget elementor-widget-image\" data-id=\"2274e29\" data-element_type=\"widget\" data-widget_type=\"image.default\">\n\t\t\t\t<div class=\"elementor-widget-container\">\n\t\t\t\t\t\t\t\t\t\t\t\t\t<img loading=\"lazy\" decoding=\"async\" width=\"680\" height=\"680\" src=\"https:\/\/lossaw.com\/store\/wp-content\/uploads\/2022\/11\/YJf6ZXoGgmiDozeuLS70rO7xDIaBN6EaH0HKunib_lg.jpeg\" class=\"attachment-large size-large wp-image-14866 wvs-archive-product-image\" alt=\"\" srcset=\"https:\/\/lossaw.com\/store\/wp-content\/uploads\/2022\/11\/YJf6ZXoGgmiDozeuLS70rO7xDIaBN6EaH0HKunib_lg.jpeg 680w, https:\/\/lossaw.com\/store\/wp-content\/uploads\/2022\/11\/YJf6ZXoGgmiDozeuLS70rO7xDIaBN6EaH0HKunib_lg-300x300.jpeg 300w, https:\/\/lossaw.com\/store\/wp-content\/uploads\/2022\/11\/YJf6ZXoGgmiDozeuLS70rO7xDIaBN6EaH0HKunib_lg-150x150.jpeg 150w, https:\/\/lossaw.com\/store\/wp-content\/uploads\/2022\/11\/YJf6ZXoGgmiDozeuLS70rO7xDIaBN6EaH0HKunib_lg-441x441.jpeg 441w, https:\/\/lossaw.com\/store\/wp-content\/uploads\/2022\/11\/YJf6ZXoGgmiDozeuLS70rO7xDIaBN6EaH0HKunib_lg-600x600.jpeg 600w, https:\/\/lossaw.com\/store\/wp-content\/uploads\/2022\/11\/YJf6ZXoGgmiDozeuLS70rO7xDIaBN6EaH0HKunib_lg-50x50.jpeg 50w, https:\/\/lossaw.com\/store\/wp-content\/uploads\/2022\/11\/YJf6ZXoGgmiDozeuLS70rO7xDIaBN6EaH0HKunib_lg-100x100.jpeg 100w\" sizes=\"(max-width: 360px) 147px, (max-width: 680px) 100vw, 680px\" \/>\t\t\t\t\t\t\t\t\t\t\t\t\t<\/div>\n\t\t\t\t<\/div>\n\t\t\t\t\t<\/div>\n\t\t<\/div>\n\t\t\t\t<div class=\"elementor-column elementor-col-33 elementor-top-column elementor-element elementor-element-ddf27a3\" data-id=\"ddf27a3\" data-element_type=\"column\">\n\t\t\t<div class=\"elementor-widget-wrap elementor-element-populated\">\n\t\t\t\t\t\t<div class=\"elementor-element elementor-element-ef63438 elementor-widget elementor-widget-text-editor\" data-id=\"ef63438\" data-element_type=\"widget\" data-widget_type=\"text-editor.default\">\n\t\t\t\t<div class=\"elementor-widget-container\">\n\t\t\t\t\t\t\tLes  patins \u00e0 roulettes sont \u00e9quip\u00e9s d&#8217;un caoutchouc de protection pour pr\u00e9server les meubles, et il est fait de plastique ABS de haute qualit\u00e9, et la poign\u00e9e \u00e0 \u00e9l\u00e9vateur en PVC est antid\u00e9rapante, solide et incassable ou inpliable.\t\t\t\t\t\t<\/div>\n\t\t\t\t<\/div>\n\t\t\t\t\t<\/div>\n\t\t<\/div>\n\t\t\t\t\t<\/div>\n\t\t<\/section>\n\t\t\t\t<section class=\"elementor-section elementor-top-section elementor-element elementor-element-f53bb5e elementor-section-stretched product-rev elementor-section-boxed elementor-section-height-default elementor-section-height-default\" data-id=\"f53bb5e\" data-element_type=\"section\" data-settings=\"{&quot;stretch_section&quot;:&quot;section-stretched&quot;,&quot;background_background&quot;:&quot;classic&quot;}\">\n\t\t\t\t\t\t<div class=\"elementor-container elementor-column-gap-default\">\n\t\t\t\t\t<div class=\"elementor-column elementor-col-100 elementor-top-column elementor-element elementor-element-c796673\" data-id=\"c796673\" data-element_type=\"column\">\n\t\t\t<div class=\"elementor-widget-wrap elementor-element-populated\">\n\t\t\t\t\t\t<div class=\"elementor-element elementor-element-74c23d0 elementor-widget elementor-widget-heading\" data-id=\"74c23d0\" data-element_type=\"widget\" data-widget_type=\"heading.default\">\n\t\t\t\t<div class=\"elementor-widget-container\">\n\t\t\t<h2 class=\"elementor-heading-title elementor-size-default\">Commentaires et avis des clients sur ce produit :\n<\/h2>\t\t<\/div>\n\t\t\t\t<\/div>\n\t\t\t\t<div class=\"elementor-element elementor-element-f1f6176 elementor-widget elementor-widget-ywar-reviews-list-widget\" data-id=\"f1f6176\" data-element_type=\"widget\" data-widget_type=\"ywar-reviews-list-widget.default\">\n\t\t\t\t<div class=\"elementor-widget-container\">\n\t\t\t<div class=\"ywar-reviews-list-widget\">\n\t<li style=\"list-style: none; margin-bottom: 10px; border: 1px solid #e4e1e3; border-radius: 4px; \" itemprop=\"review\"\n\t    itemscope itemtype=\"http:\/\/schema.org\/Review\" id=\"li-comment-14903\"\n\t    class=\"clearfix \">\n\n\t\t<div style=\"padding: 10px;\" id=\"comment-14903\"\n\t\t     class=\"woocommerce comment_container clearfix \">\n\t\t\t\n\t\t\t<div class=\"ywar-author-avatar\" style=\"float: right;\">\n\t\t\t\t<img alt='' src='https:\/\/secure.gravatar.com\/avatar\/f2879539a252deedd0bf9de8fce4a5cdb6470fa8c2720ead1131b474afaef4bc?s=40&#038;d=mm&#038;r=g' srcset='https:\/\/secure.gravatar.com\/avatar\/f2879539a252deedd0bf9de8fce4a5cdb6470fa8c2720ead1131b474afaef4bc?s=80&#038;d=mm&#038;r=g 2x' class='avatar avatar-40 photo' height='40' width='40' \/>\t\t\t<\/div>\n\n\t\t\t<div style=\"padding: 10px;\" class=\"comment-text clearfix \">\n\n\t\t\t\t\n\t\t\t\t\t<span><a\n\t\t\t\t\t\t\thref=\"https:\/\/lossaw.com\/store\/produit\/ensemble-kit-de-deplacement-des-objets-lourd\/\">\u0623\u062f\u0627\u0629 \u0646\u0642\u0644 \u0627\u0644\u0623\u062b\u0627\u062b \u0627\u0644\u0645\u0646\u0632\u0644\u064a \u0648\u0627\u0644\u0623\u063a\u0631\u0627\u0636 \u0627\u0644\u062b\u0642\u064a\u0644\u0629<\/a><\/span>\n\n\t\t\t\t\t<div itemprop=\"reviewRating\" itemscope itemtype=\"http:\/\/schema.org\/Rating\" class=\"star-rating\"\n\t\t\t\t\t     title=\"Rated 5 out of 5\">\n                    <span style=\"width:100%\"><strong itemprop=\"ratingValue\">\n                            &nbsp;5<\/strong> out of 5<\/span>\n\t\t\t\t\t<\/div>\n\n\t\t\t\t\n\t\t\t\t\n\t\t\t\t\t<p class=\"meta\">\n\t\t\t\t\t\t<strong\n\t\t\t\t\t\t\titemprop=\"author\">Oum imran<\/strong>\n\t\t\t\t\t\t\t\t\t\t\t\t<time itemprop=\"datePublished\"\n\t\t\t\t\t\t      datetime=\"2022-11-19T18:41:59+00:00\">\u0646\u0648\u0641\u0645\u0628\u0631 19, 2022<\/time>\n\t\t\t\t\t<\/p>\n\n\t\t\t\t\n\t\t\t\t\n\t\t\t\t<div itemprop=\"description\" class=\"description ywar-description\">\n\t\t\t\t\t<p>\u0645\u0639\u0646\u062f\u064a \u0645\u0646\u0642\u0648\u0644 \u062e\u0637\u064a\u064a\u064a\u064a\u064a\u0631\u0629 \u0628\u0632\u0627\u0641 \u0648\u062e\u0627\u0635\u0647\u0627 \u062a\u0643\u0648\u0646 \u0641\u064a \u0623\u064a \u062f\u0627\u0631<\/p>\n\t\t\t\t<\/div>\n\n\t\t\t\t\n\t\t\t\t\n\t\t\t<\/div>\n\t\t<\/div>\n\t<\/li>\n\t\n\t<li style=\"list-style: none; margin-bottom: 10px; border: 1px solid #e4e1e3; border-radius: 4px; \" itemprop=\"review\"\n\t    itemscope itemtype=\"http:\/\/schema.org\/Review\" id=\"li-comment-14902\"\n\t    class=\"clearfix \">\n\n\t\t<div style=\"padding: 10px;\" id=\"comment-14902\"\n\t\t     class=\"woocommerce comment_container clearfix \">\n\t\t\t\n\t\t\t<div class=\"ywar-author-avatar\" style=\"float: right;\">\n\t\t\t\t<img alt='' src='https:\/\/secure.gravatar.com\/avatar\/5ee8919daa421c471bba901074723f6fdb123e2e33d73d0a80b36a2a416507af?s=40&#038;d=mm&#038;r=g' srcset='https:\/\/secure.gravatar.com\/avatar\/5ee8919daa421c471bba901074723f6fdb123e2e33d73d0a80b36a2a416507af?s=80&#038;d=mm&#038;r=g 2x' class='avatar avatar-40 photo' height='40' width='40' \/>\t\t\t<\/div>\n\n\t\t\t<div style=\"padding: 10px;\" class=\"comment-text clearfix \">\n\n\t\t\t\t\n\t\t\t\t\t<span><a\n\t\t\t\t\t\t\thref=\"https:\/\/lossaw.com\/store\/produit\/ensemble-kit-de-deplacement-des-objets-lourd\/\">\u0623\u062f\u0627\u0629 \u0646\u0642\u0644 \u0627\u0644\u0623\u062b\u0627\u062b \u0627\u0644\u0645\u0646\u0632\u0644\u064a \u0648\u0627\u0644\u0623\u063a\u0631\u0627\u0636 \u0627\u0644\u062b\u0642\u064a\u0644\u0629<\/a><\/span>\n\n\t\t\t\t\t<div itemprop=\"reviewRating\" itemscope itemtype=\"http:\/\/schema.org\/Rating\" class=\"star-rating\"\n\t\t\t\t\t     title=\"Rated 5 out of 5\">\n                    <span style=\"width:100%\"><strong itemprop=\"ratingValue\">\n                            &nbsp;5<\/strong> out of 5<\/span>\n\t\t\t\t\t<\/div>\n\n\t\t\t\t\n\t\t\t\t\n\t\t\t\t\t<p class=\"meta\">\n\t\t\t\t\t\t<strong\n\t\t\t\t\t\t\titemprop=\"author\">\u0641\u062a\u064a\u062d\u0629 \u0627\u0644\u0646\u062d\u0627\u0644<\/strong>\n\t\t\t\t\t\t\t\t\t\t\t\t<time itemprop=\"datePublished\"\n\t\t\t\t\t\t      datetime=\"2022-11-19T18:39:23+00:00\">\u0646\u0648\u0641\u0645\u0628\u0631 19, 2022<\/time>\n\t\t\t\t\t<\/p>\n\n\t\t\t\t\n\t\t\t\t\n\t\t\t\t<div itemprop=\"description\" class=\"description ywar-description\">\n\t\t\t\t\t<p>\u0639\u0645\u0644\u064a\u0629 \u0648\u0632\u0648\u064a\u0646\u0629 \u0648\u0643\u062a\u0639\u0648\u0644 \u0639\u0644\u064a\u0647\u0627 .<\/p>\n\t\t\t\t<\/div>\n\n\t\t\t\t\n\t\t\t\t\n\t\t\t<\/div>\n\t\t<\/div>\n\t<\/li>\n\t\n\t<li style=\"list-style: none; margin-bottom: 10px; border: 1px solid #e4e1e3; border-radius: 4px; \" itemprop=\"review\"\n\t    itemscope itemtype=\"http:\/\/schema.org\/Review\" id=\"li-comment-14895\"\n\t    class=\"clearfix \">\n\n\t\t<div style=\"padding: 10px;\" id=\"comment-14895\"\n\t\t     class=\"woocommerce comment_container clearfix \">\n\t\t\t\n\t\t\t<div class=\"ywar-author-avatar\" style=\"float: right;\">\n\t\t\t\t<img alt='' src='https:\/\/secure.gravatar.com\/avatar\/0ef895d79831f507ed17dd9b8e2455596ab1f19a17544cff47f0b83a2c12e150?s=40&#038;d=mm&#038;r=g' srcset='https:\/\/secure.gravatar.com\/avatar\/0ef895d79831f507ed17dd9b8e2455596ab1f19a17544cff47f0b83a2c12e150?s=80&#038;d=mm&#038;r=g 2x' class='avatar avatar-40 photo' height='40' width='40' \/>\t\t\t<\/div>\n\n\t\t\t<div style=\"padding: 10px;\" class=\"comment-text clearfix \">\n\n\t\t\t\t\n\t\t\t\t\t<span><a\n\t\t\t\t\t\t\thref=\"https:\/\/lossaw.com\/store\/produit\/ensemble-kit-de-deplacement-des-objets-lourd\/\">\u0623\u062f\u0627\u0629 \u0646\u0642\u0644 \u0627\u0644\u0623\u062b\u0627\u062b \u0627\u0644\u0645\u0646\u0632\u0644\u064a \u0648\u0627\u0644\u0623\u063a\u0631\u0627\u0636 \u0627\u0644\u062b\u0642\u064a\u0644\u0629<\/a><\/span>\n\n\t\t\t\t\t<div itemprop=\"reviewRating\" itemscope itemtype=\"http:\/\/schema.org\/Rating\" class=\"star-rating\"\n\t\t\t\t\t     title=\"Rated 5 out of 5\">\n                    <span style=\"width:100%\"><strong itemprop=\"ratingValue\">\n                            &nbsp;5<\/strong> out of 5<\/span>\n\t\t\t\t\t<\/div>\n\n\t\t\t\t\n\t\t\t\t\n\t\t\t\t\t<p class=\"meta\">\n\t\t\t\t\t\t<strong\n\t\t\t\t\t\t\titemprop=\"author\">Fouad aata<\/strong>\n\t\t\t\t\t\t\t\t\t\t\t\t<time itemprop=\"datePublished\"\n\t\t\t\t\t\t      datetime=\"2022-11-19T18:34:25+00:00\">\u0646\u0648\u0641\u0645\u0628\u0631 19, 2022<\/time>\n\t\t\t\t\t<\/p>\n\n\t\t\t\t\n\t\t\t\t\n\t\t\t\t<div itemprop=\"description\" class=\"description ywar-description\">\n\t\t\t\t\t<p>\u0628\u062d\u0643\u0645 \u0627\u0644\u062e\u062f\u0645\u0629 \u0648\u0645\u0643\u0646\u0644\u0642\u0627\u0634 \u0627\u0644\u0648\u0642\u062a \u0648\u0645\u0643\u064a\u0646\u0634 \u0643\u064a\u0641\u0627\u0634 \u0646\u0639\u0627\u0648\u0646 \u0627\u0644\u0645\u062f\u0627\u0645 \u0645\u0644\u064a \u0643\u0627\u062a\u0628\u063a\u064a \u062a\u062c\u0645\u0639 \u0627\u0644\u062f\u0627\u0631 \u0628\u0627\u0634 \u0646\u0647\u0632 \u0645\u0639\u0627\u0647\u0627.. \u062e\u062f\u064a\u062a \u0647\u0627\u062f \u0627\u0644\u0631\u0627\u0641\u0639\u0629 \u0644\u064a \u0646\u0641\u0639\u062a\u0647\u0627 \u0628\u0632\u0627\u0641 ... \u0634\u0643\u0631\u0627 \u0644\u064a\u0643\u0645 \u0628\u0632\u0627\u0641<\/p>\n\t\t\t\t<\/div>\n\n\t\t\t\t\n\t\t\t\t\n\t\t\t<\/div>\n\t\t<\/div>\n\t<\/li>\n\t    <div class=\"woocommerce\">\n\n        <nav class=\"woocommerce-pagination\">\n                    <\/nav>\n\n    <\/div>\n<\/div>\t\t<\/div>\n\t\t\t\t<\/div>\n\t\t\t\t<div class=\"elementor-element elementor-element-86961b3 elementor-widget elementor-widget-ywar-reviews-list-widget\" data-id=\"86961b3\" data-element_type=\"widget\" data-widget_type=\"ywar-reviews-list-widget.default\">\n\t\t\t\t<div class=\"elementor-widget-container\">\n\t\t\t<div class=\"ywar-reviews-list-widget\">    <div class=\"woocommerce\">\n\n        <nav class=\"woocommerce-pagination\">\n                    <\/nav>\n\n    <\/div>\n<\/div>\t\t<\/div>\n\t\t\t\t<\/div>\n\t\t\t\t<div class=\"elementor-element elementor-element-a2342eb elementor-align-center elementor-widget elementor-widget-button\" data-id=\"a2342eb\" data-element_type=\"widget\" data-widget_type=\"button.default\">\n\t\t\t\t<div class=\"elementor-widget-container\">\n\t\t\t\t\t\t\t<div class=\"elementor-button-wrapper\">\n\t\t\t\t\t<a class=\"elementor-button elementor-button-link elementor-size-lg\" href=\"#tab-reviews\" target=\"_blank\" rel=\"nofollow\">\n\t\t\t\t\t\t<span class=\"elementor-button-content-wrapper\">\n\t\t\t\t\t\t<span class=\"elementor-button-icon\">\n\t\t\t\t<i aria-hidden=\"true\" class=\"far fa-comment\"><\/i>\t\t\t<\/span>\n\t\t\t\t\t\t\t\t\t<span class=\"elementor-button-text\">Ajoutez votre avis sur ce produit<\/span>\n\t\t\t\t\t<\/span>\n\t\t\t\t\t<\/a>\n\t\t\t\t<\/div>\n\t\t\t\t\t\t<\/div>\n\t\t\t\t<\/div>\n\t\t\t\t\t<\/div>\n\t\t<\/div>\n\t\t\t\t\t<\/div>\n\t\t<\/section>\n\t\t\t\t<\/div>\n\t\t","protected":false},"excerpt":{"rendered":"<p>\u2705 Soulever les meubles avec une seule main. Montage facile, aucun outil requis.<br \/>\n\u2705Les roues doivent \u00eatre plac\u00e9es aux quatre coins du meuble \u00e0 d\u00e9placer, et chaque ensemble poss\u00e8de 4 roues avec une capacit\u00e9 de \u2705charge de 150 kg, afin de pouvoir d\u00e9placer facilement meubles et objets lourds.<br \/>\n\u2705Pour le nettoyage ou un d\u00e9m\u00e9nagement, plus besoin de vous inqui\u00e9ter d\u2019avoir \u00e0 d\u00e9placer des meubles, ces roues mobiles vous aideront.<br \/>\n\u2705Large applicabilit\u00e9 qui aidera toute la famille.<\/p>\n","protected":false},"featured_media":15262,"comment_status":"open","ping_status":"closed","template":"","meta":[],"product_cat":[78,80,80,78],"product_tag":[],"class_list":["post-14842","product","type-product","status-publish","has-post-thumbnail","hentry","product_cat-soin-beaute","product_cat-pour-la-maison"],"_links":{"self":[{"href":"https:\/\/lossaw.com\/store\/wp-json\/wp\/v2\/product\/14842","targetHints":{"allow":["GET"]}}],"collection":[{"href":"https:\/\/lossaw.com\/store\/wp-json\/wp\/v2\/product"}],"about":[{"href":"https:\/\/lossaw.com\/store\/wp-json\/wp\/v2\/types\/product"}],"replies":[{"embeddable":true,"href":"https:\/\/lossaw.com\/store\/wp-json\/wp\/v2\/comments?post=14842"}],"version-history":[{"count":0,"href":"https:\/\/lossaw.com\/store\/wp-json\/wp\/v2\/product\/14842\/revisions"}],"wp:featuredmedia":[{"embeddable":true,"href":"https:\/\/lossaw.com\/store\/wp-json\/wp\/v2\/media\/15262"}],"wp:attachment":[{"href":"https:\/\/lossaw.com\/store\/wp-json\/wp\/v2\/media?parent=14842"}],"wp:term":[{"taxonomy":"product_cat","embeddable":true,"href":"https:\/\/lossaw.com\/store\/wp-json\/wp\/v2\/product_cat?post=14842"},{"taxonomy":"product_tag","embeddable":true,"href":"https:\/\/lossaw.com\/store\/wp-json\/wp\/v2\/product_tag?post=14842"}],"curies":[{"name":"wp","href":"https:\/\/api.w.org\/{rel}","templated":true}]}}